 What is the tens digit of l?
6
Let w = 2248 - 1218. Suppose -c = 4*q - w + 257, -5*q - 10 = 0. What is the units digit of c?
1
Let n(i) = i**2 - 47*i + 17. Suppose 0 = -25*v - 143 - 132. What is the hundreds digit of n(v)?
6
Let q = 9763 - 6967. What is the units digit of q?
6
Suppose 2348 = -5*f - 4062. Let x = f - -2032. What is the units digit of x?
0
Suppose -2*c - 47 = -3*b, -c + 3*c = -3*b + 55. Suppose b = 4*d - 3. Suppose -d*s + 36 = 2*f, -4*f - 12 = -3*s + 20. What is the units digit of s?
8
What is the thousands digit of 18/22 + -1 + 0 + (-135568)/(-22)?
6
Let n(o) = 36*o + 304. Let w be n(-6). Suppose 0 = 4*q - 5*j - 119, 5*q - w = -3*j + 70. What is the units digit of q?
1
Let s = -4672 + 8907. What is the units digit of s?
5
Let d(c) = -3*c**3 - 52*c**2 + 73*c + 1631. What is the hundreds digit of d(-29)?
9
Suppose 2*v = 0, -3*v = w - 6316 - 1538. Suppose w = 10*r + 4*r. What is the tens digit of r?
6
Suppose 5*b = -4*a + 33, 2*a + 3*a - 20 = -2*b. Suppose -2*g = d - 97, -3*d + 318 - a = g. Suppose 317 = 4*l - d. What is the hundreds digit of l?
1
Let g(f) = 36*f**2 - 1337*f + 2. What is the units digit of g(43)?
5
Let l(d) = -d**3 - 6*d**2 - 9*d - 2. Let n be l(-3). Let k(y) = -177*y - 28. What is the hundreds digit of k(n)?
3
Let c(a) be the first derivative of -14*a + 1/3*a**3 - 45 - 9/2*a**2. What is the units digit of c(21)?
8
Suppose 3*n = -6*u + 7*u + 2697, 4*n - 5*u - 3585 = 0. Suppose -4*c + 6*a = 3*a - n, -c - a + 218 = 0. What is the tens digit of c?
2
Let j(k) = 102*k**3 + 3*k**2 + 4*k - 18. Let v(n) = -n**3 - 35*n**2 - 64*n + 68. Let c be v(-33). What is the units digit of j(c)?
8
Suppose 6*b + 264 = 9*b. What is the tens digit of (b + 2 + -2)*16/32?
4
Let r(t) = t**2 - t + 4. Let f be r(-4). Let i = 24 - f. Suppose i = 5*m - 91 - 94. What is the tens digit of m?
3
Let o(k) = -k**3 - 16*k**2 - 19*k + 15. Suppose 0 = -4*n - 5*w - 50, 4*w - w - 6 = 0. Let b be o(n). Let s = 49 + b. What is the units digit of s?
4
What is the ten thousands digit of 16123*(-8 - -9) - (-14)/(1 + 1)?
1
Suppose 3*s = -9, 0 = 16*c - 21*c + 5*s + 47040. What is the thousands digit of c?
9
Let c(m) = -m**2 + 99*m - 1412. Let v be c(19). Suppose 5*t - t - 292 = 5*s, t - 73 = 4*s. Let q = v + t. What is the tens digit of q?
8
Let w = -142 - -160. Let v be (14/8)/(-7)*-12. Let q = w - v. What is the units digit of q?
5
Let o(k) = 10*k**2 + 2*k - 26. Let j be o(17). Suppose -3*g - 732 = -c, -2*c - 2*c - 3*g + j = 0. What is the hundreds digit of c?
7
Let u be ((-9)/(45/3130) - 0) + 4. Let i = u + 1056. What is the units digit of i?
4
Suppose -41*z = -22*z - 1615. Suppose l - 5 = z. What is the units digit of l?
0
What is the ten thousands digit of 37*461 + 18/66*11?
1
Suppose 41*a - 43*a = -5*c + 12681, -10143 = -4*c + a. What is the units digit of c?
5
Suppose -l = 2*b + b - 6, -7 = -4*b - l. Suppose 0 = -f + 5*f - 3*w + b, 4*f = 5*w + 1. What is the tens digit of (-92 + -2)/(f - 1)?
4
Suppose -191*n + 30894 = 186*n - 374*n. What is the thousands digit of n?
0
Suppose 0 = 2*t - v - 1569, 5*t - 4*v - 3922 = -v. Suppose -13*d + 21 = -t. What is the units digit of d?
2
Suppose -41*d = -21*d - 26*d + 273768. What is the hundreds digit of d?
6
Let f = -13 + 20. Suppose 2 = 3*i - f. What is the hundreds digit of 19492/99 - i/(-27)?
1
Let g be 0*(7 - 4 - 2). Suppose 11*q - 5*q - 1596 = g. What is the units digit of q?
6
Let a be -2*69/(-24) - (-3)/12. What is the units digit of 4/a + (-42760)/(-120)?
7
Suppose -6*u - 7*u = 390. Let g be (24/14 - u/105) + 2. What is the hundreds digit of 2 - (-136 + g) - 3?
1
Suppose 16043 = -16*k + 117675. What is the tens digit of k?
5
Suppose -4*q + 4589 = -2*v + 34161, q - 14801 = -v. What is the thousands digit of v?
4
Suppose 1 = -m, m + 16 = 3*g - 0*m. Suppose 4*d = 2*r + 2626, 2*d + g*r = 723 + 596. Suppose -6*w = -d - 159. What is the units digit of w?
6
Suppose -h - 2*a + 149 = 0, 3*h - a = 663 - 216. What is the units digit of h?
9
Let j(i) be the second derivative of 13*i**4/12 - 2*i**3 + 35*i**2/2 + 2*i + 1. What is the hundreds digit of j(7)?
5
Let i be (((-298)/(-8))/(-1))/(47/(-10716)). Suppose -37*f + i = -646. What is the units digit of f?
7
Let b(h) = -99*h - 21. Let y be b(-2). Suppose m + z - y = 0, -2*z = -m - 0*z + 186. What is the hundreds digit of m?
1
Let l(p) = -p**2 + 7*p - 1. Let m be l(5). Let q be 300/(-40)*24/(-10). What is the tens digit of 4/q + 349/m?
3
Let i(r) = 156*r - 3. Let t be i(11). Suppose 20*b - 17*b = t. What is the units digit of b?
1
Suppose -4*k + 5*b - 925 = 0, 0 = b - 2*b + 5. Let x = k - -596. What is the units digit of x?
1
Let v = -21 - -25. Suppose 0 = -v*b + 23 + 9. Suppose -b*j - 4*j = -780. What is the tens digit of j?
6
Let h(x) = 265*x + 13. Let a(v) = -7*v + 78. Let d be a(11). What is the tens digit of h(d)?
7
Let y(m) be the third derivative of m**5/4 + 5*m**4/24 - 49*m**3/6 - 2*m**2 + 16. What is the units digit of y(5)?
1
Suppose -5*s = 2*u - 24, -5*u + s + 14 = 2*s. Suppose 0 = -u*g + 1285 - 351. What is the tens digit of g?
6
Let o(d) = 84*d**2 - 79*d + 150. Let z be o(2). Let n be (-3)/3*-1 - -2. Suppose 4*x - 220 = -n*j, -5*j + x + 2*x = -z. What is the units digit of j?
8
Suppose -9*k + 12090 = -39*k. Let d = -262 - k. What is the units digit of d?
1
Let o(q) = q**2 + 7*q + 17. Let p(b) = b. Let j(h) = o(h) - 6*p(h). Let s be j(-10). Let d = s + 28. What is the tens digit of d?
3
Let i(f) = 788*f**2 - 35*f - 11. What is the ten thousands digit of i(-6)?
2
Let v be ((-24)/9)/(-4) - (-36)/27. Let j be (-216)/32 + v/(-8). Let a(g) = -g**3 - 2*g**2 - 2*g - 22. What is the hundreds digit of a(j)?
2
Let z(r) = -2*r**3 + r**3 - 4*r - 6 - 12*r**2 - 5*r. Let g = -8 - 4. What is the tens digit of z(g)?
0
Suppose 31*s - 37*s + 18 = 0. Suppose 0 = 16*b - 14*b - s*f - 678, -3*b - 5*f + 979 = 0. What is the units digit of b?
3
Let a(t) = -4*t**2 + 40*t + 5. Let l be a(10). Suppose 2*k = k + 6. Suppose -5*j + 4*y + 299 = 0, -70 + k = -j + l*y. What is the units digit of j?
9
Let c(o) = 7*o**3 + 7*o**2 + o + 127. What is the tens digit of c(8)?
6
Let d(l) = -5*l + 23. Let u be d(-13). Suppose 4*f + 5*r + u = 0, 0 = -6*f + 5*f - 2*r - 22. What is the tens digit of -4*f/2*1?
4
Let g(f) = -4*f**2 - 8*f - 11. Let m(i) = 9*i**2 + 15*i + 23. Let x(b) = -7*g(b) - 3*m(b). Let y be x(10). Suppose 3*o = y - 74. What is the units digit of o?
8
Let i(w) = 379*w - 14. Let c be i(6). Suppose 2*g - c = -2*g. What is the units digit of g?
5
Suppose 26 - 270 = 4*o. Let j = o - -19. Let a = j - -127. What is the units digit of a?
5
Let s = 5738 - 634. What is the hundreds digit of s?
1
Suppose 22*o + 2366784 = 60*o - 403530. What is the tens digit of o?
0
Let s = 6856 + 6711. What is the tens digit of s?
6
Let c(t) = 3*t**2 + 1. Let z be c(-1). Suppose -4*f = -0*l - l + 824, -z*f - 824 = -3*l. Let b = f + 289. What is the units digit of b?
3
Let t be 3*1/3 - -1. Suppose 2*p - 6 = 0, -x + p = t*x + 138. What is the units digit of (-1)/5 - 2619/x?
8
Let n(s) be the second derivative of -s**4/12 - 8*s**3/3 - 9*s**2/2 + 12*s. What is the tens digit of n(-12)?
3
Let c(i) = 6*i**2 + 89*i + 5. Suppose -w = -0*w - 3*y - 11, -36 = -4*w + 4*y. What is the tens digit of c(w)?
0
Let n be (-3)/(-4*5/(-20))*-1. Let z = n - -66. What is the tens digit of z?
6
Let s(h) = 9*h - 16. Let f be ((3/(-4))/3)/(1/4). Let q(t) = -1. Let k(p) = f*s(p) + 4*q(p). What is the units digit of k(-9)?
3
Let z(k) = 13*k + 13. Let t be z(-1). Suppose t*o = -4*o + 4028. What is the hundreds digit of o?
0
Let m be 8/1*(-7)/(-14). Suppose -m*n - 315 = -1547. What is the hundreds digit of n?
3
Let w = 618 + 229. Suppose 4*a + 4*t = 1132, 2*a = -a - t + w. What is the hundreds digit of a?
2
Let j(x) = x**2 - 2*x + 339. Let b be 4/14 + 141/21 + -7. What is the hundreds digit of j(b)?
3
What is the hundreds digit of (-8 - -9) + -10 + 8493?
4
Suppose 0 = 8*w + 734 - 774. Suppose 4*z + 323 + 672 = 5*c, -z = -w. What is the hundreds digit of c?
2
Let v(z) = -3*z**3 - 41 + 4*z + z**3 - 36. Let p(y) = -y**3 + 3*y - 78. Let t(q) = -3*p(q) + 2*v(q). What is the units digit of t(0)?
0
Suppose -630 = -5*j - 2*i, 0 = 3*j + 5*i - 3*i - 378. Suppose -11*u - j = -2*u. What is the units digit of (-78)/u - 80/140?
5
Let m(o) = o - 1. Le